ase 5, what is -3111 - 42?
-3203
In base 11, what is -284 - 36?
-30a
In base 4, what is -11 - -2211?
2200
In base 12, what is -a7b95 - -5?
-a7b90
In base 10, what is 1045 - -242?
1287
In base 2, what is 1001 + -10101000100000111?
-10101000011111110
In base 12, what is 5ba80 + 4?
5ba84
In base 15, what is -11a0 + -840?
-19e0
In base 7, what is -162 + -140?
-332
In base 5, what is -211341 - -13?
-211323
In base 4, what is 222 - 1001?
-113
In base 13, what is -43a - -a?
-430
In base 11, what is -1768 + -22?
-178a
In base 3, what is 100202122 + 10121?
100220020
In base 16, what is -4 - -17d20?
17d1c
In base 13, what is -2 - -2158?
2156
In base 8, what is -2 - 4103402?
-4103404
In base 10, what is 66 + 120081?
120147
In base 6, what is -2 - 2220231?
-2220233
In base 2, what is 10001000111101 - 11?
10001000111010
In base 12, what is 113 + 5b3?
706
In base 14, what is -5d51 + 1?
-5d50
In base 7, what is -132 + 25040?
24605
In base 4, what is 1233 + 10301?
12200
In base 7, what is -51513 - -435?
-51045
In base 4, what is 1032 + -1102333?
-1101301
In base 3, what is -201012 + 22?
-200220
In base 14, what is 12 + a2a?
a3c
In base 6, what is -15 + -330314?
-330333
In base 3, what is 2 - -1202110121001?
1202110121010
In base 15, what is -8 - 1d?
-26
In base 11, what is -a415 - -37?
-a389
In base 6, what is -1353515 + 2?
-1353513
In base 6, what is -132 - -50032?
45500
In base 15, what is 11 - -88?
99
In base 6, what is 44233 + -21?
44212
In base 6, what is -10 + -1213520?
-1213530
In base 8, what is -4 + 560?
554
In base 2, what is -10101101 + -100101111?
-111011100
In base 8, what is 31 - -3676?
3727
In base 16, what is 9de7b + 2?
9de7d
In base 11, what is -232aa2 - 5?
-232aa7
In base 16, what is -3 - 21c8?
-21cb
In base 7, what is 2551 + -1005?
1543
In base 9, what is -3128 - 2?
-3131
In base 7, what is 3320 - -11002?
14322
In base 16, what is b72 + -82?
af0
In base 8, what is -124 + 1221?
1075
In base 4, what is -112 + -211023023?
-211023201
In base 7, what is -4503 - -6?
-4464
In base 8, what is 4 - 72144?
-72140
In base 10, what is -920 - -183?
-737
In base 12, what is -425 - b08?
-1331
In base 4, what is -2 - -203?
201
In base 13, what is -4 + -8502?
-8506
In base 8, what is -7077 + -10?
-7107
In base 7, what is -33426 + 11?
-33415
In base 5, what is 124314330 - -10?
124314340
In base 2, what is 110111 - 11011000101?
-11010001110
In base 12, what is -427 - -102?
-325
In base 9, what is -4 + 1822787?
1822783
In base 2, what is 1110100000110000000 + 100?
1110100000110000100
In base 10, what is -252 - -542?
290
In base 3, what is 2120 + 110121220?
110201110
In base 5, what is 31224 - -1124?
32403
In base 16, what is -3d6932 - -2?
-3d6930
In base 6, what is 2143 + 30505?
33052
In base 10, what is 5 + 250585?
250590
In base 12, what is -8 - -18099a?
180992
In base 10, what is 8974 + -318?
8656
In base 13, what is 3 + 38593?
38596
In base 8, what is -307 - 54?
-363
In base 5, what is 302412 + 23?
302440
In base 7, what is 15002 - -5?
15010
In base 9, what is -127 - -148?
21
In base 2, what is -10010000001 - -10101010?
-1111010111
In base 8, what is -30150 - -5?
-30143
In base 3, what is -101012121002 - 1?
-101012121010
In base 4, what is -301213 - 2?
-301221
In base 8, what is -21 - 15305?
-15326
In base 13, what is -b + 4b?
40
In base 7, what is -43562 - -21?
-43541
In base 6, what is 2241530 + 0?
2241530
In base 4, what is 10 - 212013213?
-212013203
In base 3, what is -12 - -1110002021?
1110002002
In base 10, what is -6095 - -30?
-6065
In base 12, what is -10 - 11a51?
-11a61
In base 6, what is 5 + -30232521?
-30232512
In base 14, what is 36 + 7114?
714a
In base 13, what is -78a + -38?
-7c5
In base 3, what is 21000 + -121122?
-100122
In base 16, what is -145c0d + -2?
-145c0f
In base 13, what is -3 + 7211?
720b
In base 12, what is 30a - -3?
311
In base 13, what is 5 + -5a411?
-5a409
In base 5, what is -1213130 - -4?
-1213121
In base 15, what is -a69e - 23?
-a6c2
In base 10, what is 829 + -100?
729
In base 10, what is 18676 + -26?
18650
In base 14, what is 20aa7 - 0?
20aa7
In base 4, what is 3132103 + 3?
3132112
In base 11, what is 4 - -759a0?
759a4
In base 12, what is 65a3 + -5?
659a
In base 2, what is -101 + -11110110111?
-11110111100
In base 15, what is 2 - 7e666?
-7e664
In base 9, what is -365 - -264?
-101
In base 12, what is -359 + b2?
-267
In base 2, what is 1111011001 + -11100?
1110111101
In base 3, what is -1102200111001 + 12?
-1102200110212
In base 4, what is -113300110 + 10?
-113300100
In base 16, what is c5e - -f?
c6d
In base 11, what is 5539 + -3?
5536
In base 3, what is 100 - -2112112111?
2112112211
In base 14, what is -86 + 2?
-84
In base 15, what is 85e1 - -5?
85e6
In base 6, what is -21 + 21112?
21051
In base 15, what is 223 + 18d6?
1b09
In base 3, what is 1021020 - -21?
1021111
In base 4, what is 13230 + 1332123?
2012013
In base 8, what is -32 + 1113?
1061
In base 12, what is 3 - 3497?
-3494
In base 3, what is -12 - -12102221?
12102202
In base 12, what is -75 + 15b6?
1541
In base 8, what is 602 - 220?
362
In base 13, what is 13 - 7c49?
-7c36
In base 13, what is 3ab89 + -3?
3ab86
In base 12, what is -220 + 937?
717
In base 16, what is 1 - -6b?
6c
In base 7, what is 4 - -241412?
241416
In base 12, what is -a + -393?
-3a1
In base 10, what is 61 + 888?
949
In base 11, what is 1 - 12672?
-12671
In base 12, what is 130965 + 2?
130967
In base 10, what is -104 - -65372?
65268
In base 12, what is -137a - 98?
-1456
In base 4, what is -2 + -3322133123?
-3322133131
In base 6, what is 4352 - 1012?
3340
In base 11, what is -5 + -5232?
-5237
In base 10, what is -8426 + 4?
-8422
In base 6, what is -504400551 - 5?
-504401000
In base 13, what is -16aa + -8?
-16b5
In base 9, what is 15 - 12651?
-12635
In base 16, what is -20d9 - 3?
-20dc
In base 11, what is 73580 + -4?
73577
In base 9, what is -2 + 726384?
726382
In base 4, what is -11 - -333231210?
333231133
In base 7, what is -33 + -3534?
-3600
In base 10, what is -24 + -124?
-148
In base 4, what is -112233333 - -10?
-112233323
In base 5, what is -2030243 - -3?
-2030240
In base 6, what is 42041 + -100?
41541
In base 4, what is -1222132 - 200?
-1222332
In base 4, what is -2010021 - 3?
-2010030
In base 13, what is 2b0 + -46?
267
In base 12, what is b91 - -338?
1309
In base 9, what is 14176 - 8?
14167
In base 5, what is 3210 - -11142?
14402
In base 14, what is 57b81 + -3?
57b7c
In base 4, what is 11002 + 2110?
13112
In base 2, what is 11 + 1000011100001?
1000011100100
In base 8, what is 5 - -43670?
43675
In base 5, what is -4231024 + 3?
-4231021
In base 7, what is -1351 - 415?
-2066
In base 8, what is -665 + 133?
-532
In base 9, what is -1302344 + -1?
-1302345
In base 11, what is 4 + 2748?
2751
In base 4, what is 100321 + 32220?
133201
In base 15, what is b710 - -e?
b71e
In base 7, what is -34 + -10462?
-10526
In base 2, what is 110000100 - 11010?
101101010
In base 5, what is -3000 + 2104?
-341
In base 12, what is 17721 - 2?
1771b
In base 7, what is -15543 + -6?
-15552
In base 6, what is 45334 + 5?
45343
In base 11, what is -11 - 963a?
-9650
In base 7, what is 4116 + -30?
4056
In base 16, what is 173 - 16f?
4
In base 9, what is -1580 - -36?
-1543
In base 15, what is -8 - 5e47?
-5e50
In base 8, what is -207770 - 0?
-207770
In base 3, what is 10 + -102120102?
-102120022
In base 14, what is -1c639 + -2?
-1c63b
In base 11, what is -13470 - -17?
-13454
In base 12, what is 1b98 + -b?
1b89
In base 5, what is 30 - -20341?
20421
In base 5, what is 131132 + 34?
131221
In base 8, what is -37725 - -7?
-37716
In base 10, what is -2030 + -13?
-2043
In base 16, what is 9 - -14edf?
14ee8
In base 3, what is 21212 + 21001?
112220
In base 8, what is -120 + -31?
-151
In base 15, what is 1 + 22b1?
22b2
In base 16, what is 70b - 20?
6eb
In base 16, what is -1bac - b4?
-1c60
In base 11, what is -2 + -8524?
-8526
In base 2, what is 100001000011110 + -101111?
100000111101111
In base 15, what is 7c555 - 3?
7c552
In base 3, what is 2 - -102201001?
102201010
In base 16, what is db - -5d9?
6b4
In base 2, what is -10010 + 10011001?
10000111
In base 16, what is 334c9 - 7?
334c2
In base 2, what is -1010001 - -1101000111011?
1100111101010
In base 7, what is -1612456 + -1?
-1612460
In base 16, what is -1 - 1af78?
-1af79
In base 16, what 